{"id":346,"date":"2025-09-06T15:06:57","date_gmt":"2025-09-06T13:06:57","guid":{"rendered":"https:\/\/gtplus.idl.pl\/str2025\/?page_id=346"},"modified":"2025-09-06T21:20:51","modified_gmt":"2025-09-06T19:20:51","slug":"wydruki-dtf","status":"publish","type":"page","link":"https:\/\/gtplus.idl.pl\/str2025\/index.php\/wydruki-dtf\/","title":{"rendered":"Wydruki DTF"},"content":{"rendered":"\t\t<div data-elementor-type=\"wp-page\" data-elementor-id=\"346\" class=\"elementor elementor-346\" data-elementor-post-type=\"page\">\n\t\t\t\t<div class=\"elementor-element elementor-element-5ae9d0a e-flex e-con-boxed e-con e-parent\" data-id=\"5ae9d0a\" data-element_type=\"container\">\n\t\t\t\t\t<div class=\"e-con-inner\">\n\t\t\t\t\t<\/div>\n\t\t\t\t<\/div>\n\t\t<div class=\"elementor-element elementor-element-1442bad e-grid e-con-boxed e-con e-parent\" data-id=\"1442bad\" data-element_type=\"container\">\n\t\t\t\t\t<div class=\"e-con-inner\">\n\t\t\t\t<div class=\"elementor-element elementor-element-6c0fd415 elementor-widget elementor-widget-text-editor\" data-id=\"6c0fd415\" data-element_type=\"widget\" data-widget_type=\"text-editor.default\">\n\t\t\t\t\t\t\t\t\t\n<p>Technologia DTF (Direct To Film) to nowoczesny spos\u00f3b nanoszenia grafik na odzie\u017c, kt\u00f3ry<br>daje ogromn\u0105 swobod\u0119 projektowania. Wz\u00f3r drukowany jest na specjalnej folii, a nast\u0119pnie<br>przenoszony na tkanin\u0119 \u2013 dzi\u0119ki temu nadruki s\u0105 niezwykle trwa\u0142e, elastyczne i wiernie<br>odwzorowuj\u0105 detale.<\/p>\n\n\n\n<p>W naszym studiu realizujemy wydruki DTF zar\u00f3wno na pojedynczych sztukach, jak i w<br>wi\u0119kszych nak\u0142adach. To idealne rozwi\u0105zanie do personalizacji ubra\u0144, kr\u00f3tkich serii oraz<br>kolekcji custom.<\/p>\n\n\n\n<p><strong>Dlaczego warto wybra\u0107 DTF?<\/strong><br>\u25cf wysoka jako\u015b\u0107 i intensywne kolory,<br>\u25cf mo\u017cliwo\u015b\u0107 drukowania bardzo drobnych detali i przej\u015b\u0107 tonalnych,<br>\u25cf trwa\u0142o\u015b\u0107 nadruku \u2013 odporny na pranie i u\u017cytkowanie,<br>\u25cf uniwersalno\u015b\u0107 \u2013 druk na r\u00f3\u017cnych rodzajach tkanin (bawe\u0142na, poliester, mieszanki).<\/p>\n\n\n\n<p><strong>Dlaczego my?<\/strong><br>\u2714 przygotowujemy pliki tak, aby efekt ko\u0144cowy by\u0142 perfekcyjny,<br>\u2714 dbamy o jako\u015b\u0107 nadruku od pierwszego do ostatniego detalu,<br>\u2714 wspieramy marki odzie\u017cowe, streetwearowe i projektant\u00f3w w realizacji unikalnych<br>kolekcji,<br>\u2714 oferujemy szybkie terminy i elastyczne podej\u015bcie \u2013 od pojedynczych projekt\u00f3w po<br>wi\u0119ksze serie.<\/p>\n\n\n\n<p>Z nami druk DTF staje si\u0119 prostym sposobem na tworzenie odzie\u017cy, kt\u00f3ra przyci\u0105ga uwag\u0119 i<br>podkre\u015bla indywidualny charakter marki.<\/p>\n\t\t\t\t\t\t\t\t<\/div>\n\t\t\t\t<div class=\"elementor-element elementor-element-d673067 elementor-widget elementor-widget-image\" data-id=\"d673067\" data-element_type=\"widget\" data-widget_type=\"image.default\">\n\t\t\t\t\t\t\t\t\t\t\t\t\t\t\t<img fetchpriority=\"high\" decoding=\"async\" width=\"800\" height=\"534\" src=\"https:\/\/gtplus.idl.pl\/str2025\/wp-content\/uploads\/2025\/09\/dtf-1024x684.jpg\" class=\"attachment-large size-large wp-image-391\" alt=\"\" srcset=\"https:\/\/gtplus.idl.pl\/str2025\/wp-content\/uploads\/2025\/09\/dtf-1024x684.jpg 1024w, https:\/\/gtplus.idl.pl\/str2025\/wp-content\/uploads\/2025\/09\/dtf-300x200.jpg 300w, https:\/\/gtplus.idl.pl\/str2025\/wp-content\/uploads\/2025\/09\/dtf-768x513.jpg 768w, https:\/\/gtplus.idl.pl\/str2025\/wp-content\/uploads\/2025\/09\/dtf-1536x1025.jpg 1536w, https:\/\/gtplus.idl.pl\/str2025\/wp-content\/uploads\/2025\/09\/dtf-2048x1367.jpg 2048w\" sizes=\"(max-width: 800px) 100vw, 800px\" \/>\t\t\t\t\t\t\t\t\t\t\t\t\t\t\t<\/div>\n\t\t\t\t\t<\/div>\n\t\t\t\t<\/div>\n\t\t\t\t<\/div>\n\t\t","protected":false},"excerpt":{"rendered":"<p>Technologia DTF (Direct To Film) to nowoczesny spos\u00f3b nanoszenia grafik na odzie\u017c, kt\u00f3rydaje ogromn\u0105 swobod\u0119 projektowania. Wz\u00f3r drukowany jest na specjalnej folii, a nast\u0119pnieprzenoszony na tkanin\u0119 \u2013 dzi\u0119ki temu nadruki s\u0105 niezwykle trwa\u0142e, elastyczne i wiernieodwzorowuj\u0105 detale. W naszym studiu realizujemy wydruki DTF zar\u00f3wno na pojedynczych sztukach, jak i wwi\u0119kszych nak\u0142adach. To idealne rozwi\u0105zanie do [&hellip;]<\/p>\n","protected":false},"author":1,"featured_media":0,"parent":0,"menu_order":0,"comment_status":"closed","ping_status":"closed","template":"","meta":{"footnotes":""},"class_list":["post-346","page","type-page","status-publish","hentry"],"_links":{"self":[{"href":"https:\/\/gtplus.idl.pl\/str2025\/index.php\/wp-json\/wp\/v2\/pages\/346","targetHints":{"allow":["GET"]}}],"collection":[{"href":"https:\/\/gtplus.idl.pl\/str2025\/index.php\/wp-json\/wp\/v2\/pages"}],"about":[{"href":"https:\/\/gtplus.idl.pl\/str2025\/index.php\/wp-json\/wp\/v2\/types\/page"}],"author":[{"embeddable":true,"href":"https:\/\/gtplus.idl.pl\/str2025\/index.php\/wp-json\/wp\/v2\/users\/1"}],"replies":[{"embeddable":true,"href":"https:\/\/gtplus.idl.pl\/str2025\/index.php\/wp-json\/wp\/v2\/comments?post=346"}],"version-history":[{"count":4,"href":"https:\/\/gtplus.idl.pl\/str2025\/index.php\/wp-json\/wp\/v2\/pages\/346\/revisions"}],"predecessor-version":[{"id":394,"href":"https:\/\/gtplus.idl.pl\/str2025\/index.php\/wp-json\/wp\/v2\/pages\/346\/revisions\/394"}],"wp:attachment":[{"href":"https:\/\/gtplus.idl.pl\/str2025\/index.php\/wp-json\/wp\/v2\/media?parent=346"}],"curies":[{"name":"wp","href":"https:\/\/api.w.org\/{rel}","templated":true}]}}