{"id":344,"date":"2025-09-06T15:05:57","date_gmt":"2025-09-06T13:05:57","guid":{"rendered":"https:\/\/gtplus.idl.pl\/str2025\/?page_id=344"},"modified":"2025-09-06T21:19:51","modified_gmt":"2025-09-06T19:19:51","slug":"wydruki-sublimacyjne","status":"publish","type":"page","link":"https:\/\/gtplus.idl.pl\/str2025\/index.php\/wydruki-sublimacyjne\/","title":{"rendered":"Wydruki sublimacyjne"},"content":{"rendered":"\t\t<div data-elementor-type=\"wp-page\" data-elementor-id=\"344\" class=\"elementor elementor-344\" data-elementor-post-type=\"page\">\n\t\t\t\t<div class=\"elementor-element elementor-element-0e0292e e-grid e-con-boxed e-con e-parent\" data-id=\"0e0292e\" data-element_type=\"container\">\n\t\t\t\t\t<div class=\"e-con-inner\">\n\t\t\t\t<div class=\"elementor-element elementor-element-25152479 elementor-widget elementor-widget-text-editor\" data-id=\"25152479\" data-element_type=\"widget\" data-widget_type=\"text-editor.default\">\n\t\t\t\t\t\t\t\t\t\n<p>Sublimacja to technika druku, kt\u00f3ra pozwala przenosi\u0107 grafik\u0119 bezpo\u015brednio na materia\u0142,<br \/>zachowuj\u0105c pe\u0142ni\u0119 kolor\u00f3w i najwy\u017csz\u0105 trwa\u0142o\u015b\u0107. Dzi\u0119ki niej wzory nie spieraj\u0105 si\u0119, nie<br \/>p\u0119kaj\u0105 i pozostaj\u0105 intensywne nawet po wielu praniach.<\/p>\n\n<p>W naszym studiu przygotowujemy profesjonalne wydruki sublimacyjne dopasowane do<br \/>wykroj\u00f3w odzie\u017cy oraz akcesori\u00f3w. Drukujemy zar\u00f3wno na pojedynczych sztukach, jak i<br \/>du\u017cych nak\u0142adach, zawsze dbaj\u0105c o precyzj\u0119 i jako\u015b\u0107 detali.<\/p>\n\n<p><strong>Co zyskujesz dzi\u0119ki sublimacji?<\/strong><br \/>\u25cf nieograniczon\u0105 palet\u0119 barw i przej\u015bcia tonalne,<br \/>\u25cf wyj\u0105tkow\u0105 trwa\u0142o\u015b\u0107 nadruku,<br \/>\u25cf mo\u017cliwo\u015b\u0107 zadrukowania ca\u0142ej powierzchni odzie\u017cy (all over print),<br \/>\u25cf idealne odwzorowanie nawet najbardziej skomplikowanych grafik.<\/p>\n\n<p><strong>Dlaczego my?<\/strong><br \/>\u2714 perfekcyjnie przygotowujemy pliki do druku na wykrojach,<br \/>\u2714 korzystamy ze sprawdzonych technologii i materia\u0142\u00f3w,<\/p>\n\n<p>\u2714 \u0142\u0105czymy wiedz\u0119 graficzn\u0105 z do\u015bwiadczeniem produkcyjnym,<br \/>\u2714 wspieramy zar\u00f3wno projektant\u00f3w, jak i marki modowe w realizacji unikalnych kolekcji.<\/p>\n\n<p>Z nami sublimacja to nie tylko druk \u2013 to narz\u0119dzie do tworzenia odzie\u017cy, kt\u00f3ra przyci\u0105ga<br \/>uwag\u0119 i wyr\u00f3\u017cnia si\u0119 na rynku.<\/p>\n\t\t\t\t\t\t\t\t<\/div>\n\t\t\t\t<div class=\"elementor-element elementor-element-e0529da elementor-widget elementor-widget-image\" data-id=\"e0529da\" data-element_type=\"widget\" data-widget_type=\"image.default\">\n\t\t\t\t\t\t\t\t\t\t\t\t\t\t\t<img fetchpriority=\"high\" decoding=\"async\" width=\"800\" height=\"550\" src=\"https:\/\/gtplus.idl.pl\/str2025\/wp-content\/uploads\/2025\/09\/zdjecie-nr-6b-1024x704.jpg\" class=\"attachment-large size-large wp-image-330\" alt=\"\" srcset=\"https:\/\/gtplus.idl.pl\/str2025\/wp-content\/uploads\/2025\/09\/zdjecie-nr-6b-1024x704.jpg 1024w, https:\/\/gtplus.idl.pl\/str2025\/wp-content\/uploads\/2025\/09\/zdjecie-nr-6b-300x206.jpg 300w, https:\/\/gtplus.idl.pl\/str2025\/wp-content\/uploads\/2025\/09\/zdjecie-nr-6b-768x528.jpg 768w, https:\/\/gtplus.idl.pl\/str2025\/wp-content\/uploads\/2025\/09\/zdjecie-nr-6b.jpg 1476w\" sizes=\"(max-width: 800px) 100vw, 800px\" \/>\t\t\t\t\t\t\t\t\t\t\t\t\t\t\t<\/div>\n\t\t\t\t\t<\/div>\n\t\t\t\t<\/div>\n\t\t\t\t<\/div>\n\t\t","protected":false},"excerpt":{"rendered":"<p>Sublimacja to technika druku, kt\u00f3ra pozwala przenosi\u0107 grafik\u0119 bezpo\u015brednio na materia\u0142,zachowuj\u0105c pe\u0142ni\u0119 kolor\u00f3w i najwy\u017csz\u0105 trwa\u0142o\u015b\u0107. Dzi\u0119ki niej wzory nie spieraj\u0105 si\u0119, niep\u0119kaj\u0105 i pozostaj\u0105 intensywne nawet po wielu praniach. W naszym studiu przygotowujemy profesjonalne wydruki sublimacyjne dopasowane dowykroj\u00f3w odzie\u017cy oraz akcesori\u00f3w. Drukujemy zar\u00f3wno na pojedynczych sztukach, jak idu\u017cych nak\u0142adach, zawsze dbaj\u0105c o precyzj\u0119 i [&hellip;]<\/p>\n","protected":false},"author":1,"featured_media":0,"parent":0,"menu_order":0,"comment_status":"closed","ping_status":"closed","template":"","meta":{"footnotes":""},"class_list":["post-344","page","type-page","status-publish","hentry"],"_links":{"self":[{"href":"https:\/\/gtplus.idl.pl\/str2025\/index.php\/wp-json\/wp\/v2\/pages\/344","targetHints":{"allow":["GET"]}}],"collection":[{"href":"https:\/\/gtplus.idl.pl\/str2025\/index.php\/wp-json\/wp\/v2\/pages"}],"about":[{"href":"https:\/\/gtplus.idl.pl\/str2025\/index.php\/wp-json\/wp\/v2\/types\/page"}],"author":[{"embeddable":true,"href":"https:\/\/gtplus.idl.pl\/str2025\/index.php\/wp-json\/wp\/v2\/users\/1"}],"replies":[{"embeddable":true,"href":"https:\/\/gtplus.idl.pl\/str2025\/index.php\/wp-json\/wp\/v2\/comments?post=344"}],"version-history":[{"count":7,"href":"https:\/\/gtplus.idl.pl\/str2025\/index.php\/wp-json\/wp\/v2\/pages\/344\/revisions"}],"predecessor-version":[{"id":390,"href":"https:\/\/gtplus.idl.pl\/str2025\/index.php\/wp-json\/wp\/v2\/pages\/344\/revisions\/390"}],"wp:attachment":[{"href":"https:\/\/gtplus.idl.pl\/str2025\/index.php\/wp-json\/wp\/v2\/media?parent=344"}],"curies":[{"name":"wp","href":"https:\/\/api.w.org\/{rel}","templated":true}]}}