{"id":226,"date":"2025-09-04T22:40:12","date_gmt":"2025-09-04T20:40:12","guid":{"rendered":"https:\/\/gtplus.idl.pl\/str2025\/?page_id=226"},"modified":"2025-09-08T00:18:39","modified_gmt":"2025-09-07T22:18:39","slug":"o-nas","status":"publish","type":"page","link":"https:\/\/gtplus.idl.pl\/str2025\/index.php\/o-nas\/","title":{"rendered":"O nas"},"content":{"rendered":"\t\t<div data-elementor-type=\"wp-page\" data-elementor-id=\"226\" class=\"elementor elementor-226\" data-elementor-post-type=\"page\">\n\t\t\t\t<div class=\"elementor-element elementor-element-9f09006 e-grid e-con-boxed e-con e-parent\" data-id=\"9f09006\" data-element_type=\"container\">\n\t\t\t\t\t<div class=\"e-con-inner\">\n\t\t\t\t<div class=\"elementor-element elementor-element-1e2317a4 elementor-widget elementor-widget-text-editor\" data-id=\"1e2317a4\" data-element_type=\"widget\" data-widget_type=\"text-editor.default\">\n\t\t\t\t\t\t\t\t\t\n<p>Dzia\u0142amy nieprzerwanie od 2000 roku \u2013 przez lata zdobyli\u015bmy zaufanie wielu<br \/>rozpoznawalnych firm.<\/p>\n\n<p>Poznaj nas lepiej!<\/p>\n\n<p>Specjalizujemy si\u0119 w kompleksowej obs\u0142udze firm w zakresie grafiki i oraz druku, ze<br \/>szczeg\u00f3lnym uwzgl\u0119dnieniem projekt\u00f3w zwi\u0105zanych z tematyk\u0105 sportow\u0105. W ostatnim<br \/>czasie skupiamy si\u0119 g\u0142\u00f3wnie na tworzeniu grafik Customowych \u2013 zw\u0142aszcza dla bran\u017cy<br \/>tekstylnej .<\/p>\n\n<p>\u015aledzimy bie\u017c\u0105ce trendy i stale rozwijamy nasze umiej\u0119tno\u015bci, korzystaj\u0105c z profesjonalnego<br \/>sprz\u0119tu i nowoczesnych technologii.<\/p>\n\n<p>Nasze wieloletnie do\u015bwiadczenie to gwarancja indywidualnego podej\u015bcia i sprawne<br \/>realizacji \u2013 dopasowanej do specyfiki Twojej bran\u017cy.<\/p>\n\n<p>Pracujemy w bliskim kontakcie z klientem na ka\u017cdym etapie projektu \u2013 to podej\u015bcie pozwala<br \/>nam lepiej rozumie\u0107 potrzeby i dostarcza\u0107 satysfakcjonuj\u0105ce rezultaty.<br \/>Tworzymy w przyjaznej atmosferze, kt\u00f3ra sprzyja efektywnej i kreatywnej wsp\u00f3\u0142pracy.<\/p>\n\n<p>Do\u0142\u0105cz do grona naszych zadowolonych klient\u00f3w.<\/p>\n\t\t\t\t\t\t\t\t<\/div>\n\t\t\t\t<div class=\"elementor-element elementor-element-ba03aa8 elementor-widget elementor-widget-image\" data-id=\"ba03aa8\" data-element_type=\"widget\" data-widget_type=\"image.default\">\n\t\t\t\t\t\t\t\t\t\t\t\t\t\t\t<img fetchpriority=\"high\" decoding=\"async\" width=\"720\" height=\"228\" src=\"https:\/\/gtplus.idl.pl\/str2025\/wp-content\/uploads\/2025\/09\/logo3.png\" class=\"attachment-large size-large wp-image-460\" alt=\"\" srcset=\"https:\/\/gtplus.idl.pl\/str2025\/wp-content\/uploads\/2025\/09\/logo3.png 720w, https:\/\/gtplus.idl.pl\/str2025\/wp-content\/uploads\/2025\/09\/logo3-300x95.png 300w\" sizes=\"(max-width: 720px) 100vw, 720px\" \/>\t\t\t\t\t\t\t\t\t\t\t\t\t\t\t<\/div>\n\t\t\t\t\t<\/div>\n\t\t\t\t<\/div>\n\t\t\t\t<\/div>\n\t\t","protected":false},"excerpt":{"rendered":"<p>Dzia\u0142amy nieprzerwanie od 2000 roku \u2013 przez lata zdobyli\u015bmy zaufanie wielurozpoznawalnych firm. Poznaj nas lepiej! Specjalizujemy si\u0119 w kompleksowej obs\u0142udze firm w zakresie grafiki i oraz druku, zeszczeg\u00f3lnym uwzgl\u0119dnieniem projekt\u00f3w zwi\u0105zanych z tematyk\u0105 sportow\u0105. W ostatnimczasie skupiamy si\u0119 g\u0142\u00f3wnie na tworzeniu grafik Customowych \u2013 zw\u0142aszcza dla bran\u017cytekstylnej . \u015aledzimy bie\u017c\u0105ce trendy i stale rozwijamy nasze [&hellip;]<\/p>\n","protected":false},"author":1,"featured_media":0,"parent":0,"menu_order":0,"comment_status":"closed","ping_status":"closed","template":"","meta":{"footnotes":""},"class_list":["post-226","page","type-page","status-publish","hentry"],"_links":{"self":[{"href":"https:\/\/gtplus.idl.pl\/str2025\/index.php\/wp-json\/wp\/v2\/pages\/226","targetHints":{"allow":["GET"]}}],"collection":[{"href":"https:\/\/gtplus.idl.pl\/str2025\/index.php\/wp-json\/wp\/v2\/pages"}],"about":[{"href":"https:\/\/gtplus.idl.pl\/str2025\/index.php\/wp-json\/wp\/v2\/types\/page"}],"author":[{"embeddable":true,"href":"https:\/\/gtplus.idl.pl\/str2025\/index.php\/wp-json\/wp\/v2\/users\/1"}],"replies":[{"embeddable":true,"href":"https:\/\/gtplus.idl.pl\/str2025\/index.php\/wp-json\/wp\/v2\/comments?post=226"}],"version-history":[{"count":11,"href":"https:\/\/gtplus.idl.pl\/str2025\/index.php\/wp-json\/wp\/v2\/pages\/226\/revisions"}],"predecessor-version":[{"id":463,"href":"https:\/\/gtplus.idl.pl\/str2025\/index.php\/wp-json\/wp\/v2\/pages\/226\/revisions\/463"}],"wp:attachment":[{"href":"https:\/\/gtplus.idl.pl\/str2025\/index.php\/wp-json\/wp\/v2\/media?parent=226"}],"curies":[{"name":"wp","href":"https:\/\/api.w.org\/{rel}","templated":true}]}}